f t?
53, 281
Suppose -2*s = -4*s + 2, 3*s = 4*t - 677. Suppose -4*p + 9 = -x - 209, 4*x = 3*p - t. Suppose -64*d + p = -63*d. List the prime factors of d.
2, 3
Let m = -715 - -1038. List the prime factors of m.
17, 19
Let k = -24618 - -40455. What are the prime factors of k?
3, 5279
Suppose -23416 = -30*b + 47534. Suppose -2*h = -3*k + 3639, -3*k - 2*h + b + 1274 = 0. List the prime factors of k.
1213
Let j be (198 - 4)/((-4*1)/(-2)). Let y = 100 - j. Suppose -84 - 86 = -y*q - t, 0 = -4*q + 3*t + 231. List the prime factors of q.
3, 19
Let q(w) = -8*w + 107. Let s be q(13). Suppose -s*j + 2*g - 1488 = -7*j, -3*g - 358 = -j. What are the prime factors of j?
2, 5, 37
Suppose -23 = -2*x + 21. Suppose -h + w + 24 = -28, h - x = -5*w. Suppose -7*k + h = -387. List the prime factors of k.
2, 31
Suppose 0 = -18*p + 22*p - 16. Suppose -t - p = 45. Let z = 32 - t. List the prime factors of z.
3
Let s be ((-7)/3)/(1/3). Let n(i) = -4 + 6*i + i**3 - 3*i + 0 + i**2 + 8*i**2 - 10. What are the prime factors of n(s)?
3, 7
Suppose 61*g - 154 = 39*g. Suppose g*j = -51 + 520. What are the prime factors of j?
67
Suppose 29 - 179 = -15*n. Suppose n*j = 5809 + 7751. List the prime factors of j.
2, 3, 113
What are the prime factors of (156 + -157)/((1 - (-36030)/(-36028))*2)?
9007
Suppose c + 2*q - 3557 = 23044, -c - q = -26608. List the prime factors of c.
5, 5323
Suppose -29*v = -25*v - 2*i - 17502, 4*v - 3*i - 17507 = 0. List the prime factors of v.
4373
Let k(i) = 112*i - 1. Let x be k(-1). Suppose 0 = -5*w - 3*p + 794, 4*w - 5*w - 4*p = -152. Let f = w + x. What are the prime factors of f?
47
Let u = -11 - -23. Suppose 0 = 2*k + u - 16. Suppose -k*v = 5*n - 286, 4*v - 548 = -0*v + 2*n. List the prime factors of v.
2, 3, 23
Let y be ((-4)/(-5))/((-8)/(-80)). Let x(w) = -2*w + 26. Let q be x(y). List the prime factors of (-6)/(-30) - (-608)/q.
61
Suppose -135 + 165 = 6*c. Suppose -5*m + 380 = 4*y, -9*m + 475 = c*y - 13*m. What are the prime factors of y?
5, 19
Let y(k) = 18*k - 5. Let q be y(1). Suppose 4*i + 30 + 2 = 3*b, i + q = 2*b. Suppose 422 = b*n + 3*w, -n - 3*w - 434 = -5*n. What are the prime factors of n?
107
Suppose 0 = 5*h + 4*v - 746, -5*h + 2*v + 734 = 3*v. Suppose -926 = -5*w - h. Suppose 379 = 5*j - w. List the prime factors of j.
107
Let m = 122 - 122. Suppose m = 2*w - 378 + 112. List the prime factors of w.
7, 19
Let j = 2724 + 6801. List the prime factors of j.
3, 5, 127
Let m(c) = c**3 - 2*c**2 + 8*c - 3. Let y be m(3). List the prime factors of (-3416)/(-10) - (-12)/y.
2, 3, 19
Suppose 12 = -3*k, -2*v - k + 986 = 3*v. List the prime factors of ((-160)/(-6))/(12/v).
2, 5, 11
Let k be (-2)/(-4)*-7*(-324)/(-81). What are the prime factors of 3188/7 + 6/k?
5, 7, 13
Let n(x) = -2*x + 7. Let k = -27 + 30. Let d be n(k). List the prime factors of (318/18)/(d/3).
53
Suppose -4*t + 3*k + 3 = 0, t + 3*k = 13 - 1. Suppose t*n + 6*n = 36. Suppose 3*s - 3*b - 451 = -2*s, s - 97 = n*b. What are the prime factors of s?
89
Suppose -4*y - 2*i = 268, 0 = -y - i - 2*i - 57. Let k = y - -75. Suppose k*s - 114 = 5*s. What are the prime factors of s?
2, 3, 19
Let z = -30 - 0. Let t = z + 33. Suppose -4*r = -3*f + 158, t*r - r - 46 = -f. What are the prime factors of f?
2, 5
Let s(o) = o**2 + 5*o + 6. Suppose 5*j - 5 = -5*h, 41 = -4*h + 5*j - 0*j. Let d be s(h). What are the prime factors of (-13)/(52/816)*(1 - d)?
2, 3, 17
Let h = 35461 - -33091. List the prime factors of h.
2, 11, 19, 41
Let m = -2438 + 2565. Let z be 2 + 0 + 4/2. What are the prime factors of m - (2*(-4)/z + -2)?
131
Let x(a) = -a**2 - 9*a - 8. Let m(o) = o**2 + 9*o + 8. Let i(r) = 3*m(r) + 2*x(r). Let f be i(-7). List the prime factors of ((-1947)/(-44))/(f/(-8)).
59
Suppose 2*n - r + 6*r = 43, -r = 5*n - 165. Suppose -18*a + n*a = 5248. List the prime factors of a.
2, 41
Let v be -12 - ((-69)/9 - 20/(-12)). Let b(a) = 0*a**3 - 8*a - 6*a**2 - 2*a**3 + 3 - 5*a**2. List the prime factors of b(v).
3, 29
Let n(j) = -3*j + 29. Let f(v) = -11*v + 117. Let d(z) = -2*f(z) + 9*n(z). Let s be d(13). Let k = s - -47. List the prime factors of k.
3
Let s(n) = n**2 + 9*n + 26. Let o be s(-11). Suppose -89*f + 40508 = -o*f. List the prime factors of f.
2, 13, 19
Suppose 979749 + 439297 = 274*v. List the prime factors of v.
5179
Let o = -122 + 124. Suppose 3*q - 51 - 80 = -o*h, 5*q = -5*h + 330. List the prime factors of h.
67
Let g(z) = 3342*z**2 + 3*z - 5. Let p be g(1). Suppose 555 = -2*u + s + p, 0 = -5*u + s + 6967. What are the prime factors of u?
2, 17, 41
Let o = 14138 + -7886. What are the prime factors of o?
2, 3, 521
Let u(x) be the second derivative of -25*x**3/3 - 11*x**2/2 + 35*x. Let s be u(-2). Suppose -3*m + 293 = 4*a, m - 14 = a - s. List the prime factors of a.
2, 37
Suppose -48 = -10*d - 2*d. Suppose -4*j + 4 = -d. Suppose j*h - 5*q - 309 = 0, -q = -4*h + 3*q + 648. List the prime factors of h.
167
Let s(d) = -7*d - 199. Let g be s(-19). What are the prime factors of (-1)/(-2) - 39435/g?
2, 13, 23
Let r(y) = -498*y - 67. Let o be r(20). What are the prime factors of (o/(-7))/1 + 48/84?
1433
Suppose 303*c = 297*c + 112830. List the prime factors of c.
5, 3761
Suppose 0 = -21*s + 41*s - 20. What are the prime factors of s + 532 - (45 + -38)?
2, 263
Suppose n + 1 - 3 = 0. Suppose -21 = h - 5*f, h - n = -3*f + 17. Suppose -h*o - q - 78 = -696, -3*o + 464 = q. What are the prime factors of o?
2, 7, 11
Let d(q) be the third derivative of -q**4/12 - 11*q**3/6 - 2*q**2. Let g be d(-5). List the prime factors of (3/6)/(g/(-108)).
2, 3
Let w = -333 + 335. Suppose -w*h + 2*p = -314, 8*h + p - 767 = 3*h. What are the prime factors of h?
2, 7, 11
Let z(v) be the first derivative of v**4/4 - v**3/3 - v**2/2 - 77*v + 3. Let p be z(0). Let l = p + 115. List the prime factors of l.
2, 19
Let f(n) = -21*n - 84. Let q be f(-5). What are the prime factors of (-4207)/q*(-3 + 0 + 0)?
601
Suppose 1315 = -5*z - 900. Let d = 827 + z. What are the prime factors of d?
2, 3
Let r(n) = n**3 + 9*n**2 + 9*n + 2. Let t(k) = -k**3 - 8*k**2 - 8*k - 2. Let i(z) = -4*r(z) - 5*t(z). List the prime factors of i(6).
2, 193
Suppose 0 = -3*h + 5*g + 93216, 4*g + 30511 + 31631 = 2*h. List the prime factors of h.
3, 1151
Let h(o) = -24*o - 50. Let w be h(-10). List the prime factors of -1 + (-34)/(-38) + 14840/w.
2, 3, 13
Let l = 290 + -190. Suppose 6*r = 3*r + 6. List the prime factors of l/r - (-6 + 0 - -9).
47
Let w be (-4 - 14/(-5))*-270. Suppose -4*t - w = -5*k, k - 71 = -5*t - 12. Suppose k = 5*f - 3*f. What are the prime factors of f?
2
Let f = 22157 + -13221. What are the prime factors of f?
2, 1117
Let p(u) = -u**3 + 8*u**2 + 13*u - 4. Let f be p(9). Suppose -5*s + 81 = 2*x, -5*x + f = 2*s - 181. What are the prime factors of x?
43
Let m(t) = 15*t + 63. Let k be m(-4). Suppose 0 = 3*q + 9, 3*j + k*q - 613 = j. What are the prime factors of j?
311
Let r be (-2)/17 + 81444/(-748). Let l = r - -186. List the prime factors of l.
7, 11
Let p be (0*3/(-15))/(-3). Suppose p = -31*c + 36*c - 310. Suppose 126 = 4*h + 3*f, h - 3*h - 2*f = -c. List the prime factors of h.
3, 11
Let x be (-108)/(-8)*(-2)/(-3). Let p(m) = -18 - 10*m + 6 + x. What are the prime factors of p(-5)?
47
Let d(c) = -358*c + 1802. What are the prime factors of d(-18)?
2, 7, 19, 31
Let x(v) = v**2 - 6*v + 17. Let d be x(5). Let u = 14 - d. Suppose -115 = -u*l - 3*l. List the prime factors of l.
23
Suppose 0 = -5*b + 15, -152*b = u - 147*b - 1845. List the prime factors of u.
2, 3, 5, 61
Suppose 0 = 59*t - 64648 - 142678. List the prime factors of t.
2, 7, 251
Suppose -2*d = 3*d - 2*j - 2981, 2*d + 4*j = 1202. Let i = -377 + d. What are the prime factors of i?
2, 5, 11
Let c be 4/((-2)/1) - (-62)/2. Let p = -26 + c. Suppose p*l - 5*q - 129 = -2*q, 4*l + 3*q = 144. What are the prime factors of l?
3, 13
Let z(n) = 3*n**2 + 3*n - 3. Let c be (-4)/(-6) + (-62)/(-6) + 3. Let h be z(c). What are the prime factors of h/6 + (-3)/(-6)?
3, 5, 7
Suppose -34 = -5*n + 2*o + 2*o, 2*n - 15 = 3*o. Suppose -1771 = -n*w + 1547. What are the prime factors of w?
7, 79
Let y(s) be the second derivative of 6*s**2 + 0 - 5/6*s**3 - 4*s + 7/6*s**4 + 1/20*s**5. List the prime factors of y(-14).
2, 41
Suppose -4*q = -3*b + 28540, 0 = 6*b - b - 5*q - 47575. Suppose 2933 = -7*a + b